10
219538
Convert -101001011011001011000 (base 2) to base 6.
-45032132
-10100000010100011100 (base 2) to base 14
-13144c
332051 (base 8) to base 4
123100221
Convert -34043420 (base 6) to base 13.
-2a1bcc
What is -10011101111001000011 (base 2) in base 9?
-1185121
320014355 (base 6) to base 10
5601023
What is -1616120 (base 8) in base 11?
-299127
443300014 (base 5) to base 14
383b51
What is 21133214 (base 5) in base 9?
300200
27a57b (base 12) to base 11
411609
What is 16707434 (base 8) in base 2?
1110111000111100011100
Convert 1f3c9d (base 16) to base 5.
1011002013
What is -217198 (base 13) in base 12?
-31b404
What is b79b80 (base 12) in base 8?
13037120
What is -886825 (base 9) in base 16?
-81605
Convert 14321443 (base 7) to base 5.
321144212
What is -10100011000110110100 (base 2) in base 11?
-416a3a
Convert 4219a83 (base 12) to base 7.
211034112
Convert 821729 (base 10) to base 13.
22a03c
Convert 415403442 (base 6) to base 3.
111200000210022
What is -13422024 (base 5) in base 11?
-95497
What is 4c0b9 (base 14) in base 2?
101101100110000011
1b9597 (base 12) to base 7
4123144
b19575 (base 12) to base 10
2774249
What is 22121 (base 7) in base 3?
21121122
What is 61414055 (base 8) in base 3?
220102120101120
What is 231020213222 (base 4) in base 7?
202366001
What is -196c9c (base 14) in base 16?
-dc57a
-11101110010111000 (base 2) to base 8
-356270
184b25 (base 13) to base 12
255337
Convert 21440201 (base 6) to base 13.
196810
What is 9a7a93 (base 12) in base 6?
124423103
Convert -6786059 (base 10) to base 6.
-401240535
Convert -636123 (base 7) to base 9.
-177110
What is -baa310 (base 12) in base 5?
-1224242421
What is 370173 (base 10) in base 14?
98c8d
What is -3018d (base 16) in base 4?
-300012031
-30031300312 (base 4) to base 8
-14156066
Convert -5317b9 (base 13) to base 16.
-1db050
Convert 1049145 (base 12) to base 14.
5a4221
What is 341331 (base 6) in base 5?
1410410
What is -7217b (base 12) in base 13?
-5299a
What is -661235 (base 7) in base 5?
-12200330
100114433 (base 5) to base 2
1100000011011110001
11555675 (base 8) to base 15
35484b
Convert 1010011111111001110 (base 2) to base 10.
344014
What is 1112201211222 (base 3) in base 15?
1135ee
-40233344 (base 5) to base 10
-321099
1283702 (base 9) to base 3
1022210210002
Convert -23332410 (base 7) to base 10.
-2058546
What is -378706 (base 12) in base 6?
-31232410
Convert 14034402 (base 5) to base 3.
21021022002
What is 872414 (base 11) in base 9?
2554251
What is -548136 (base 16) in base 5?
-2404204402
What is -1123025 (base 6) in base 8?
-160531
Convert 10542132 (base 7) to base 5.
213333230
What is 660b5b (base 13) in base 10?
2401059
-12201310 (base 5) to base 13
-40950
What is 235351 (base 6) in base 5?
1130114
-34aa9 (base 12) to base 9
-116863
-1326c6 (base 14) to base 7
-5415636
101ad (base 14) to base 5
2220030
-66635 (base 8) to base 6
-333525
-5b9b (base 16) to base 13
-a89c
What is cc7 (base 14) in base 5?
40102
Convert -12d58 (base 15) to base 13.
-2163b
Convert 772393 (base 10) to base 16.
bc929
Convert 203133323 (base 4) to base 6.
3041055
What is 11210a (base 13) in base 5?
100420202
What is 2131436 (base 7) in base 9?
435428
What is 1275324 (base 8) in base 15?
71619
What is -114abd7 (base 14) in base 3?
-120112011222112
Convert -202023021321 (base 4) to base 14.
-1292b0d
6d891a (base 15) to base 12
190a481
What is -100010303 (base 4) in base 15?
-14798
-14458a (base 13) to base 16
-78eb4
What is 100553 (base 9) in base 14?
17982
What is -846687 (base 10) in base 3?
-1121000102210
117742 (base 8) to base 3
2002010221
What is -1053886 (base 9) in base 2?
-10001010011101110111
What is 17447 (base 13) in base 9?
67248
515087 (base 10) to base 13
1505b1
183edd (base 16) to base 3
2222201122021
What is -a8656c (base 13) in base 5?
-2003034120
What is 1f2cb (base 16) in base 15?
27c7b
-106d07 (base 14) to base 10
-556843
Convert 121001021012 (base 3) to base 15.
638bb
Convert 1102701 (base 8) to base 3.
120001120020
Convert -4222440012 (base 5) to base 16.
-863861
65833 (base 9) to base 14
11cc9
What is -210222200212111 (base 3) in base 11?
-6661772
-2003141 (base 6) to base 12
-464b1
697d (base 16) to base 12
13765
What is -2120203012 (base 4) in base 16?
-988c6
Convert -1113332302 (base 4) to base 6.
-11420214
174544 (base 15) to base 3
2010022221001
What is 1100110111101100001110 (base 2) in base 5?
1330430323
Convert -100001011122 (base 3) to base 14.
-48c25
Convert 2e34b9 (base 15) to base 10.
2238699
What is -1100010010100111110101 (base 2) in base 10?
-3222005
Convert -788da9 (base 16) to base 4.
-132020312221
-225de1 (base 16) to base 14
-428b17
What is 233373 (base 9) in base 10?
140277
What is 4ec5d0 (base 16) in base 7?
61610604
141bb (base 12) to base 9
42278
-203343303 (base 5) to base 7
-10100205
What is -320878 (base 9) in base 5?
-22102423
Convert 10412440 (base 5) to base 16.
165e4
Convert 10158c (base 13) to base 15.
75e36
What is -3462 (base 11) in base 16?
-11c1
-100012002220 (base 3) to base 16
-2c286
Convert -11e4f (base 16) to base 3.
-10201112122
What is 3100031303 (base 4) in base 16?
d0373
What is -60462115 (base 7) in base 3?
-100110020010201
Convert -15816a9 (base 15) to base 7.
-246401265
13566364 (base 7) to base 16
137cfe
Convert -20321403 (base 5) to base 14.
-44c7d
-201021 (base 6) to base 8
-36645
-4236065 (base 7) to base 10
-513518
What is -7f6a22 (base 16) in base 10?
-8350242
What is -210200022101 (base 3) in base 14?
-b16dd
Convert -10100101100010110111 (base 2) to base 8.
-2454267
-111001111111111010 (base 2) to base 16
-39ffa
-10400212 (base 6) to base 15
-622b5
What is 114323040 (base 7) in base 5?
3310141340
Convert 8840a7 (base 14) to base 7.
54164300
What is -2114307 (base 10) in base 15?
-2bb6dc
What is -1160311 (base 10) in base 14?
-222bd5
280557 (base 9) to base 10
171043
Convert -3222120313 (base 4) to base 14.
-1adc35
-42a680 (base 12) to base 8
-4014500
-20122122212 (base 3) to base 4
-133332131
Convert 171320 (base 9) to base 15.
215e6
-4a0cc (base 14) to base 2
-101100010000100100
What is -145904 (base 12) in base 10?
-341716
What is -33723 (base 10) in base 3?
-1201021000
Convert 1347385 (base 9) to base 13.
1cbc29
17a0184 (base 13) to base 8
35326003
Convert 4cc35 (base 14) to base 4.
232020333
12221230123 (base 4) to base 2
110101001101100011011
What is 272614 (base 8) in base 5?
11030003
What is -25645133 (base 7) in base 2?
-1000111101001000101101
-10211053 (base 7) to base 5
-210004224
Convert 1325132 (base 7) to base 14.
47919
19702 (base 10) to base 13
8c77
Convert -31000314 (base 5) to base 4.
-331003210
What is e7e7 (base 16) in base 6?
1134503
4082904 (base 10) to base 8
17446330
What is -1122020122102 (base 3) in base 4?
-3110213300
What is -439a75 (base 13) in base 16?
-184c5e
Convert -33211213 (base 5) to base 7.
-2310356
Convert -15172c (base 13) to base 9.
-867807
-196a6a1 (base 11) to base 10
-3323013
What is -1b8a8a0 (base 12) in base 2?
-10110100010010001111000
-10101033 (base 4) to base 6
-212543
What is -195395 (base 10) in base 5?
-22223040
Convert -27256 (base 8) to base 11.
-8a84
378816 (base 10) to base 11
239679
-31b41 (base 13) to base 5
-10333132
-b8e92 (base 16) to base 12
-306382
What is 130001332121 (base 4) in base 13?
16a3801
33123003 (base 5) to base 10
286003
d9685 (base 14) to base 11
329814
Convert 17670634 (base 10) to base 6.
1430424254
What is 36375a (base 12) in base 15?
124d84
What is -a04b27 (base 12) in base 13?
-695632
Convert 8b8a13 (base 13) to base 7.
40040030
Convert -2882260 (base 9) to base 7.
-16336632
Convert -12221202220202 (base 3) to base 10.
-3164528
Convert 2013121333 (base 4) to base 12.
228b67
282113 (base 9) to base 16
2a069
Convert 102201233 (base 4) to base 2.
10010100001101111
What is -83052 (base 9) in base 12?
-27802
Convert 114590 (base 14) to base 12.
24456a
Convert -1b48b58 (base 12) to base 8.
-26152164
-59a10 (base 12) to base 7
-1011564
1002102101002201 (base 3) to base 10
15635665
Convert -6542805 (base 10) to base 9.
-13272033
What is -55321 (base 11) in base 7?
-452645
What is 15317 (base 15) in base 16?
10a65
-17136510 (base 9) to base 11
-4935249
What is -1327020 (base 9) in base 7?
-6115020
What is 313106 (base 10) in base 9?
526445
-1613526 (base 7)